 10 = 5*l. What is the tens digit of i?
1
Let n = -445 - -1714. What is the units digit of n?
9
Let j be (19/1)/(316/40 - 8). Let c = j - -332. What is the hundreds digit of c?
1
Suppose -2*t - 2*d + 1408 = 0, -4*t + 0*d = -5*d - 2825. What is the units digit of t?
5
Let u(b) = 3*b**2 - 2*b + 6. What is the units digit of u(7)?
9
Let b = 486 - -306. What is the units digit of b?
2
Let g(a) be the third derivative of 1/120*a**6 + 0 + 1/6*a**3 - 1/8*a**4 + 1/60*a**5 + 0*a + 4*a**2. What is the units digit of g(2)?
7
Let d be (0 + (-3)/6)*1736. What is the hundreds digit of d/(-3) + ((-19)/3 - -7)?
2
What is the tens digit of 5/20*6683 + 15/12?
7
Let o = -67 + 701. What is the tens digit of o?
3
Let d(c) = -24*c**2 - c + 1. Let z be d(1). Let q = z - -9. What is the units digit of 184/30 + 2/q?
6
Let d be ((-3)/6)/(1/(-46)). Suppose -z + 0 = d. Let b = 5 - z. What is the units digit of b?
8
Let c = 44 - 155. Let b = c + 142. What is the tens digit of b?
3
What is the tens digit of (-16892)/(-12) + 0 + 3/9?
0
Let v = 466 + -258. Suppose -1249 = -5*y + 3*z, 5*z + v = 2*y - 284. What is the hundreds digit of y?
2
Let j = -17 + 17. Suppose -3*k + 5 = 4*g, -4*g + k + j*k + 9 = 0. Suppose -2*r + 9 = -3*t, 5*t = 3*r + g*t - 21. What is the tens digit of r?
1
Let d(k) = -607*k - 128. What is the units digit of d(-5)?
7
Let u(x) = -x**3 + 12*x**2 + 41*x + 34. What is the tens digit of u(11)?
0
Let i = 13 - 11. Suppose -4*g - 4 = 0, -3*g + 1 = 2*k - i*g. What is the units digit of k?
1
Let g be (-1)/2*-4 - -1. Suppose -5*h + g*p + 307 = 0, -181 = -3*h - 0*h + 5*p. What is the units digit of h?
2
Suppose 3*m + 14995 = 5*g - 2644, -3*g + 3*m + 10581 = 0. What is the hundreds digit of g?
5
Let r(p) = 45*p**2 - 23*p + 8. What is the hundreds digit of r(8)?
7
Let p(k) be the third derivative of -k**6/120 + k**5/6 + k**4/2 + k**3/6 + 30*k**2. What is the tens digit of p(10)?
2
Let x be 5/(20/72)*12/8. Suppose 9*i + 0 - x = 0. What is the units digit of i?
3
Suppose 5*a = 2 - 12. Let l(t) = 23*t - 8. Let d(w) = w + 1. Let p(b) = -6*d(b) - l(b). What is the tens digit of p(a)?
6
Suppose 0 = -r + 5 + 7. Suppose 0 = -16*t + r*t + 668. What is the tens digit of t?
6
Suppose -3*r = -r - 8. Suppose -4*o - r*v = -8, -3*o + 2*v - 6 = -v. What is the tens digit of (o + -15)*16/(-6)?
4
Suppose 83 = 3*c - z, 5*c - 4*z = -0*c + 136. Suppose 2*p - 123 = -3*k - 2*k, -3*p = -k + c. Suppose -k - 31 = -4*g. What is the tens digit of g?
1
Suppose 0 = o - 5*o + 4, o - 16 = -3*s. Suppose -3*v + 71 + 132 = 5*x, -207 = -s*x - 2*v. What is the tens digit of x?
4
Let x(b) = 2*b**2 + 3*b + 6. Let v be x(-6). Suppose 0 = -4*g + 7*g - v. What is the units digit of (130/g)/(2/12)?
9
Suppose 0 = 3*d - 6, -w - 13 = 2*d + 9. Suppose -s - 123 = -4*s. Let k = s + w. What is the tens digit of k?
1
Let m be (3 - (4 + -2))*3. Suppose -6 = 5*g + 2*q, -m*g + q - 6 = 3*q. Suppose -r + 73 = j, 5*r + 55 = -g*j + j. What is the tens digit of j?
7
Let s(i) = i**2 - 7*i + 11. Let z be (-8 - 1)*6/(-6). Suppose 2*j = j + z. What is the tens digit of s(j)?
2
Let z be ((-378)/(-45))/(2/10). Let a be (-29)/6 - 7/z. Let p = a + 7. What is the units digit of p?
2
Suppose 5*u + 2*d + 3*d = 3385, -2037 = -3*u - 5*d. Suppose -11*v - 47 = -u. What is the units digit of v?
7
Let d(u) = u**3 - 2*u**2 + u - 1. Let s be d(2). Let a(k) = 4*k + 3*k**2 - 7 + s + 2 - k**2. What is the tens digit of a(4)?
4
Suppose -2*j = 3*j + n - 45, 5*n + 5 = -2*j. Let h = j + 31. What is the units digit of h?
1
Let g = -12 - -10. Let v be g/4 - 245/(-10). Suppose -y + 0*y = -v. What is the tens digit of y?
2
Let w = 55 + -41. Let o(f) = f**3 - 14*f**2 + f + 22. What is the units digit of o(w)?
6
Suppose -6301 = -2*r + w, 19*r - 5*w - 6305 = 17*r. What is the units digit of r?
0
Let z(n) = -n + 11. Let v be z(6). Suppose -9*b - 1675 + 1783 = 0. Suppose k - v*k = -b. What is the units digit of k?
3
Suppose -3*i - 168 = 96. Let d = i - -215. Suppose -5*b + 3*u + 141 = 0, 2*b + 4*u = -3*b + d. What is the tens digit of b?
2
Suppose 14*h - 131 - 23 = 0. Suppose h*g - 8*g = 600. What is the hundreds digit of g?
2
Let l(j) = -9*j + 6. Suppose -z = 1 - 7. Let x be l(z). Let i = -16 - x. What is the tens digit of i?
3
Suppose 0 = -h - 2*h + m + 7, -2*h + 2*m = -2. Suppose h*y - 5*c + 25 = 4*y, -117 = -4*y - 3*c. What is the units digit of y?
0
Suppose -t + 3 = -1, 2*t - 2 = 2*o. Suppose -292 = -4*l + o*n, 3*l + 3*n - 365 = -2*l. What is the tens digit of l?
7
Let o = -1 - 32. Suppose -5*v - 158 + 403 = 0. Let y = v + o. What is the tens digit of y?
1
Let d(n) = -32*n**3 + 25*n + 113. What is the units digit of d(-5)?
8
Let w = 11 + -6. Suppose -w*t + x = 3, -3*t + 4*x - 15 = -3. Suppose 8 = -t*k + 2*k. What is the units digit of k?
4
Let x = 548 + -207. Let r = -235 + x. What is the hundreds digit of r?
1
Let f = -345 + 641. What is the units digit of f/36 - (-8)/(-36)?
8
What is the tens digit of 662 + 3 + 4 + -15?
5
Let n(a) = -97*a + 8. What is the hundreds digit of n(-6)?
5
Let h = 2429 - 1651. What is the tens digit of h?
7
Let j(u) = u**3 - 4*u**2 + 5*u - 1. Let l be j(5). What is the units digit of l/((-3)/((-3)/1))?
9
Let u(a) = a + 4. Let d be u(15). Let l = d + 42. What is the units digit of l?
1
Let s(g) be the first derivative of 31*g**2/2 - 32*g + 5. What is the hundreds digit of s(7)?
1
Let b(p) be the first derivative of 11*p**2/2 + 7*p - 22. What is the units digit of b(2)?
9
Suppose -5*p + 4*o - 2*o + 19 = 0, 6 = 4*p + 3*o. Suppose -v + 34 = 5*x, -7*v + p*v - 2*x + 82 = 0. What is the units digit of v?
9
Suppose 2*h - 3*w - 173 = 0, 251 = 3*h - w + 5*w. Let t = h - 7. What is the units digit of t?
8
Suppose -5*o - 66 + 251 = 0. Let h = o - 2. What is the tens digit of h?
3
Let l(i) be the second derivative of -i**5/20 - 3*i**4/2 - 13*i**3/3 - 20*i**2 + 12*i. What is the tens digit of l(-17)?
1
Let u(b) = b**3 - 8*b**2 - 15*b + 6. Let i be u(10). Let w = -29 + i. What is the tens digit of w?
2
Let g be 0 + 2 + (-12)/(-4). Suppose -4 = -g*s + 1. What is the units digit of s?
1
What is the hundreds digit of (428 - (0 - -3)) + 6?
4
Let f = -80 - -154. Suppose 5*g - f = 2*u, -5*g + 3*u - 7*u = -62. What is the tens digit of g?
1
Suppose 5834 = -10*b + 33604. What is the tens digit of b?
7
Let q be 6 + (4 - (-3 + 3)). Let c(s) = -q*s - 8 + 2*s - 4*s - s**2 + s. What is the tens digit of c(-9)?
1
Let r be (6 - 1) + 0/2. Suppose -5 = -p + g, -2*p + r*g = 2*p - 25. Suppose -3*q = -7*q + c + 72, -3*c - 12 = p. What is the tens digit of q?
1
Suppose 3*n + n + 4*d - 364 = 0, 5*d - 95 = -n. What is the units digit of n?
0
What is the units digit of ((-18966)/(-15))/(16/40)?
1
Suppose u - 1500 = -5*n, 49*n - 47*n - 4526 = -3*u. What is the tens digit of u?
1
Let a be (-12)/15 + 2016/20. Suppose -2*r + 2*j + 13 = -9, 0 = 5*r + 4*j - a. Suppose -91 = -5*n - r. What is the units digit of n?
5
Let m(j) = 2*j**2 - 8*j. Let x be m(4). Suppose 2*y - 24 = -x*y. What is the units digit of y?
2
Let r be ((-588)/14)/(4/6). Suppose -4*m - 129 = 3. Let p = m - r. What is the tens digit of p?
3
Suppose -2*y - 17 = -3*y + 5*t, -3*y = 5*t + 9. Suppose -y*c + 168 = -3*o - 23, 3 = o. What is the tens digit of c?
0
Let n = -762 - -1233. What is the units digit of n?
1
Suppose 5*l - 44 = -3*b - 13, 15 = 3*l. Suppose -3*i + b*i + 12 = 4*s, -2 = -s. Let t(h) = 3*h**3 - 10*h**2 + 4*h + 2. What is the units digit of t(i)?
0
Let z = 22 - 144. Let h = 187 + z. What is the units digit of h?
5
Let p = 273 + -54. Let g = -116 + p. What is the hundreds digit of g?
1
Let a(o) = -18*o - 10. Let f be a(-9). Let p = f + -41. What is the hundreds digit of p?
1
Suppose -4*c = -3*h - 2*h - 471, -h + 2*c = 99. What is the units digit of (h/28)/((-3)/156)?
9
Let g be 10/(-2) - (-30)/(-6). What is the hundreds digit of (-3591)/(-33) - g/55?
1
Suppose 0 = -4*k - 26 + 42, 2*w = -4*k + 9980. What is the tens digit of w?
8
Let c(s) = s**3 + 8*s**2 + 2*s + 1. Let w = -25 - -20. What is the tens digit of c(w)?
6
Let b(u) = -u**3 + 8*u**2 + 13*u - 9. Let h be b(9). Suppose 5*s - 41 = -3*d, 3*d = -4*s + s + h. Suppose -22 = -p - s. What is the tens digit of p?
1
Let d(m) = -m - 2. Let t be d(-5). Suppose -2*k + 0*j + 3 = 3*j, 0 = -4*k + t*j + 15. Let g(n) = 2*n**2. What is the units dig